2*u + v*k, 2*u - 4*k = -9*k + 35. What is the tens digit of u?
1
Let n = -3 + 3. Let j be (-8)/2 + (2 - n). What is the units digit of 6 - j/2 - -1?
8
Suppose -a + 0*a = 0. Suppose 3*m - 5*m - 36 = a. What is the units digit of (1/(-2))/(3/m)?
3
What is the tens digit of -26*6*3*(-1)/3?
5
Suppose -8*l = -2*l - 372. What is the units digit of l?
2
Let h = -292 + 516. What is the hundreds digit of h?
2
Let p = 8 - 6. What is the tens digit of 4*(p + (-6)/(-8))?
1
Let f be 3 - (-113 - (1 + -4)). Suppose -3*k + 19 + f = 0. What is the units digit of k?
4
Suppose 0*l + 3*h + 27 = 3*l, -l + 5*h = -29. Suppose -l*a = -9*a + 10. Suppose -a*m = 1 - 3. What is the units digit of m?
1
Suppose -2*o - 1 = -o. Suppose 0*x + 6 = 3*x. What is the units digit of 18/2 + x*o?
7
Let c be 36/27 + 2/(-6). Let j(z) = 29*z. What is the tens digit of j(c)?
2
Suppose 4*n + n = -2*s + 30, -2*s = -4*n + 6. Let a be (-3)/n + 888/32. Suppose -64 = -3*q + 5*c, 2*q - 4*c - 17 = a. What is the tens digit of q?
1
Suppose -11*u + 8*u = -30. What is the units digit of u?
0
Let h(o) = -o**3 - 6*o**2 - 4*o + 7. Let j be h(-5). Suppose -r + j*r - 33 = -3*c, -c + 4 = 0. What is the tens digit of r?
2
Suppose -3*o + 2 = -4. Suppose 4*b - 2*b = 4*r + 2, 4 = o*r + 4*b. Let t = 1 + r. What is the units digit of t?
1
Suppose 0*i - 15 = -5*i. Suppose -1 = i*b - 4, -2*b + 74 = 2*u. What is the units digit of u?
6
Let w = -47 - -104. What is the units digit of w?
7
Let z = 44 + 38. What is the tens digit of z?
8
Let s(i) = 4*i**3 - i**2 - 2*i. Let x be s(2). Suppose n + x = 5*n. What is the units digit of n?
6
What is the hundreds digit of -2 - (-10)/2 - (-192 - -10)?
1
Let f be ((-465)/6)/(-5)*4. Suppose -5*j - f = 2*b, 4*b + 29 - 85 = 5*j. Let s(g) = g**3 + 13*g**2 + 12*g + 7. What is the units digit of s(j)?
7
Let r = 44 + -20. Suppose 2*k + 5*m + 0*m - r = 0, k - 12 = 4*m. What is the tens digit of k?
1
Let l(m) = m**2 - m + 4. Let a be l(0). Let s be (0 - 3)/(a - 5). Suppose -s*q + 11 = -4*k, 3*k = 5*q - k - 13. What is the units digit of q?
1
Suppose 9*f - 5*f - 532 = 0. What is the units digit of f?
3
Let v be (-4)/(-2) - 26*-1. Let l = v + -7. What is the units digit of l?
1
Let r(k) = k**2 - 4*k. Let v = 32 + -9. Suppose -t + 9 = 2*x, -5*t + 10 = 4*x - v. What is the units digit of r(t)?
5
Suppose 0 = -3*u - u - 44. Let y(q) = -q**3 + 7*q**2 - 3*q + 4. Let r be y(7). Let l = u - r. What is the units digit of l?
6
Let o(n) = -7*n. Suppose -2*l = -1 - 43. Suppose 0 = 5*h + w + 3*w + l, -h = 5*w + 17. What is the units digit of o(h)?
4
Let z(q) = -3 - q**2 + 11*q + 1 - 19*q. What is the tens digit of z(-5)?
1
Let s(h) = h + 1. Let t be s(2). Suppose -2*z + 5*y = -5, -14 = -t*z + 2*y - y. Suppose -z*a - j + 10 = -9, -2*j - 14 = -3*a. What is the units digit of a?
4
Suppose 5*k - 9 = 2*k. Suppose k*t = 5*t - 2, 2*t = -3*n - 1. What is the units digit of (n + -1)/((-4)/6)?
3
Let q = 5 + -2. Suppose -q = -s - 3*v, 2 - 6 = 2*v. What is the units digit of s?
9
Let c = -3 + 7. Suppose 2*j + 0 = -l + 2, c*l - 3*j = 30. What is the units digit of l?
6
Let y be 23/5 + (-27)/45. Suppose -y*b + 32 = -24. What is the tens digit of b?
1
Suppose 0 = -2*b - 2*n + 504, -4*b + 3*n + 954 = -75. What is the units digit of b?
5
Suppose -3*m = h - 164, -3*h + 63 = m - h. Suppose 0*d = -2*r + 3*d - m, 15 = 5*d. Let s = r + 32. What is the units digit of s?
0
Let z(b) = -19*b**3 - b + 3. What is the hundreds digit of z(-2)?
1
Let n be (2/(-2))/((-1)/2). Suppose -2*h + 0 = -n. What is the units digit of h?
1
Let k(n) = -n**2 - 6*n - 7. Let y be k(-4). What is the units digit of 12/(y - -1 - 1)?
2
Suppose 2*a - 3 = -a. What is the tens digit of a/(-4) - (-715)/44?
1
Let n(r) = -r**2 + 4*r + 2. Let o be n(4). Suppose -o*z = z - 18. What is the units digit of z?
6
Let h(c) = 14*c**2 + 2*c + 3. What is the hundreds digit of h(-4)?
2
Let t(f) = 31*f. Let m be t(2). Suppose 4*u = 2*u + m. What is the units digit of u?
1
Suppose 4*r + 0*r + 4*y = 448, 0 = -4*r + 4*y + 432. What is the hundreds digit of r?
1
Let q = -4 - -11. Let k(v) be the third derivative of v**4/24 - 5*v**3/6 + 2*v**2. What is the units digit of k(q)?
2
Let h = 23 - 21. What is the units digit of h?
2
Let d(w) = -2*w + 5 - 1 - 2 - w. What is the units digit of d(-2)?
8
Let q be ((-1)/2)/(1/18). Let t(a) be the first derivative of -a**3/3 - 9*a**2/2 + 4*a + 22. What is the units digit of t(q)?
4
Suppose -7 - 3 = -2*x - p, 5*x + 5*p - 25 = 0. Suppose -10 = -x*m + 3*w - 4*w, -5*w = m + 22. What is the units digit of ((-7)/m)/((-2)/6)?
7
Let v(o) = -o**2 + 7*o - 3. Let i be v(7). Let h be (-1 - i)/2 - 2. Let w = 8 - h. What is the units digit of w?
9
Suppose 0 = -w - 3*x, -w = 4*x + 2 + 3. What is the tens digit of w?
1
Suppose 4*y = -14*y + 5166. What is the tens digit of y?
8
Let m(j) = 2*j + 0 - 4*j**2 - 3 + 3*j**2. Let u be m(2). Let a = -2 - u. What is the units digit of a?
1
Suppose 4*s - 4*f = s - 12, -5*f = -s - 15. Let u = s - -2. What is the units digit of -1*(2 + u + -7)?
3
Let i(z) = 2*z**2 - 2*z + 2. Suppose 14 + 1 = 3*s. Suppose -s*p + 18 = 2*q, 2*p + 5*q - 30 = -3*p. What is the units digit of i(p)?
6
Suppose 2*a - 54 = 28. What is the units digit of a?
1
Let a(q) = -3*q**3 + 2*q + 1. Let x be a(-1). Suppose o = 3*z + x*o - 38, -4*z - 5*o = -69. What is the tens digit of z?
1
Let h = 14 - 14. Let b = h - -18. What is the tens digit of b?
1
Let b(a) = 5*a + 15. What is the tens digit of b(7)?
5
Let d(f) = 7*f - 1. Suppose -3 = -3*t + 12. What is the tens digit of d(t)?
3
Let z be 26/12 - (-1)/(-6). Suppose -z*i + 2 = -16. What is the units digit of i?
9
Suppose m = -3*m - 24. What is the units digit of m*10*(-2)/4?
0
Let h(b) = b**3 + b**2 - 21. Let s be h(0). Let m = s + 30. Suppose 0 = 2*u + q - m, 11 = u - 3*q - 11. What is the units digit of u?
7
Let k(i) = -i + 13. Let t be k(7). Suppose -5*p + 3*p + 6 = 0. Suppose 0 = p*c - c - t. What is the units digit of c?
3
Let i(u) = -u - 7. Let r be i(-7). Suppose -2*g - g + 3 = r. Let b(f) = 8*f**2 + f - 1. What is the units digit of b(g)?
8
Suppose -5*a - 5*j = -315, 2*a + 3*j - 77 = 45. Let f = -32 + a. What is the units digit of f?
5
Let a = -11 - -13. Suppose 2*c - 38 = -c - 5*g, -5*c + a*g + 84 = 0. What is the units digit of c?
6
What is the units digit of 81 - ((-7 - 2) + 4)?
6
What is the units digit of (141/4)/((-3)/(-4))?
7
Let u(d) = -2*d**2 + 11*d - 3. Let g be u(8). Let a = -22 - g. What is the tens digit of a?
2
Let g(m) be the third derivative of m**6/120 - 2*m**5/15 + 7*m**4/24 + m**3 + 2*m**2. Suppose 3*k + 35 = 8*k. What is the units digit of g(k)?
6
Suppose -m + 14 + 9 = z, 3*z = 3*m + 93. Suppose 4*f - 9 = z. What is the units digit of f?
9
Let g be (-4)/5*25/(-1). Let a = 32 - g. What is the tens digit of a?
1
Let u(v) = 11*v - 17. What is the tens digit of u(12)?
1
Suppose -2*y - 2*t = -73 - 133, 3*t = 5*y - 499. What is the units digit of y?
1
What is the tens digit of (1326/85)/((-4)/(-10))?
3
Suppose i + 4*i = 10. What is the units digit of (6/i - -3)*1?
6
Let q(z) = 3*z**3 - 6*z**2 - z - 4. Let y(o) = o**3 - 1. Let x(r) = q(r) - 4*y(r). Let k = 1 + -7. What is the units digit of x(k)?
6
Suppose -7*o = -10*o + 60. What is the tens digit of o?
2
Let d(r) = r**3 + 2*r**2 + 55. What is the units digit of d(0)?
5
Let x(g) = g**2 - 3*g + 2. Suppose -r = 2*r + 18. Let o = r - -10. What is the units digit of x(o)?
6
Suppose 0 = 2*n + 4*p - 22, -n + 2*p = -4*n + 25. Suppose 6 = -2*z, 0 = -4*k - 2*z - z + n. What is the units digit of k?
4
Let x(j) = 5*j**3 - j**2 + 4*j - 1. What is the units digit of x(4)?
9
Let v(t) = -t**3 - 10*t**2 - 10*t - 7. Let o be v(-9). Suppose o*s - 36 = -2*s - 4*u, 3*s - 43 = u. What is the units digit of s?
3
Suppose -2*i - 3*i - 5*w = -125, 2*i - 71 = 5*w. What is the tens digit of i?
2
Let s be (2 + -3)*(-5 + 0). Suppose -c = 5*t - 3*c - 109, -3*c = s*t - 124. What is the units digit of t?
3
Let q = -86 + 141. Suppose -3*l + q = 4. What is the units digit of l?
7
What is the tens digit of (102/(-8))/((-1)/4)?
5
Let b = 4 - -1. Let p(j) = 13*j. Let i be p(b). Suppose 0*g + s = -4*g + i, -g + 5*s = 10. What is the units digit of g?
5
Suppose 6*v - 808 = 632. What is the tens digit of v?
4
Suppose -v + 3*o + 27 = -6*v, 5*v + 31 = o. Let d =